 8))?
-5
What is 1 + 0 + -5 + -4 + 5?
-3
Evaluate -6 + 2 + -4 + 0.
-8
Calculate -5 + -2 + 7 + -3 + 8.
5
Evaluate -2 + -2 + 0 - (-4 + 0).
0
What is the value of 1 + 5 + (5 - 8) + -8?
-5
Calculate 3 - ((6 - 2) + -5).
4
Evaluate 0 + 0 + (-6 - -6 - -3).
3
What is the value of -7 - (-1 + -9 + 7)?
-4
Calculate 3 + 2 + -10 + 0 + 1.
-4
What is (-1 - (-8 - -2)) + -10?
-5
What is the value of (6 - 13 - -12) + -11?
-6
What is the value of -21 - -21 - (-1 - 4)?
5
Calculate 13 + -11 - -9 - 14.
-3
-3 + (2 - -4) - 1
2
What is -6 + -1 - -18 - 6?
5
(17 - 8 - 0) + 1
10
What is -1 - (-5 + -1 + 7)?
-2
Evaluate 4 + (-6 - -2) + (1 - -1).
2
Calculate -5 + 8 - (1 + 7).
-5
What is (-10 - -11) + 4 + 1 + -1?
5
Evaluate 7 - 4 - 9 - -8.
2
-4 + (-2 - -2 - -5)
1
What is 28 + -20 + -9 + 0?
-1
Evaluate 5 - (-10 - (1 - 15)).
1
-2 - -2 - (-6 + 4 + 6)
-4
What is the value of (-1 - 2) + (2 - (3 - 8))?
4
Evaluate -9 + 15 + (-3 - 1).
2
Calculate -3 + (8 - 7) - (1 + 1).
-4
1 + (-5 + -5 - -7)
-2
Evaluate -1 - 7 - (48 - 53).
-3
Calculate 0 - 1 - (8 - (-7 + 11)).
-5
What is the value of -1 + 16 + -1 + -7 - 4?
3
Evaluate -1 - -2 - (-4 + 0).
5
Calculate 2 - ((2 - -6) + 0).
-6
Evaluate (1 - -2) + 3 - (2 - 0).
4
What is the value of (0 - -2) + (0 - (-2 + 3))?
1
What is -5 + 6 + 0 + 6 + -3?
4
What is -88 + 88 - (-1 + -8)?
9
What is (3 - 0) + -12 + 9?
0
(24 - 31) + (2 - 3 - -18)
10
(2 - 1) + 5 - (4 + -4)
6
4 - (4 + -3) - 1
2
What is 6 + (2 - (-2 - -5) - 7)?
-2
-2 + 8 - (2 + 0)
4
4 - (0 + 1 - -2) - 1
0
What is the value of -1 + -3 + 6 + -3 + -1?
-2
Calculate 0 + 1 - (-6 - -11).
-4
What is the value of 0 + 5 - (2 - -2) - 0?
1
4 + 5 + -14 + -3
-8
Calculate (-2 + 4 - -1) + (-1 - -2).
4
Evaluate -4 + (-2 - 1 - -6) + 4.
3
Evaluate 2 + -2 + (4 - 1).
3
What is -3 + 6 - -1 - 2?
2
What is the value of 10 + -12 + 6 + (-1 - 2)?
1
What is the value of -3 + 3 + 1 - (-3 - -2)?
2
Calculate -1 - (-4 - -1 - (-1 + -3)).
-2
Evaluate -31 + 26 - (-7 - 4).
6
What is the value of -2 - -4 - (-5 + 5)?
2
Calculate 1 + -3 - (-10 - -4).
4
Calculate 1 + (6 - (25 + -5 + -8)).
-5
Evaluate 5 - 0 - (-1 - (1 + -5)).
2
Evaluate (-19 - -17 - (-5 + -2)) + -7.
-2
What is (-3 - -3) + 3 + -4?
-1
Calculate (-2 - (4 + 0)) + 9.
3
Calculate (-9 - -10 - (0 - -2)) + -3.
-4
(5 - 1) + -8 - 0
-4
Calculate (-2 - -7) + -6 - -3.
2
8 - 15 - (-2 + -1)
-4
What is the value of -3 - (-12 - -6) - -2?
5
Evaluate 6 - (-1 - (1 + 0) - -5).
3
What is the value of (6 - 7) + (-2 - (-10 - -2))?
5
Evaluate -8 + 7 - (9 + -9).
-1
16 - 13 - 3 - -8
8
Calculate (7 - (5 + (-6 - -4))) + -11.
-7
What is 5 + (4 - -2 - 10)?
1
What is 0 - (-1 + -5 + 2 + 0)?
4
What is the value of -1 + -1 - (0 + 1 - 4)?
1
(-12 - -1) + -6 + 4 + 8
-5
Evaluate (-6 - (-4 + -2)) + 2.
2
What is the value of 3 - (-3 - 3 - (-13 + -1))?
-5
What is the value of 6 - 4 - 4 - 3?
-5
What is the value of -6 + (-18 - -13) + 2?
-9
Evaluate 1 - (-2 - (3 + -5) - -2).
-1
-1 - (3 - (-6 - -5))
-5
What is the value of 1 - (-3 - 3 - (-13 + 7))?
1
Calculate 1 + 2 + (13 - 17) - 4.
-5
Evaluate -10 + 3 - (16 + -7 + -7).
-9
What is (-2 - -5 - 8) + (0 - -3)?
-2
What is the value of (-6 - -5) + -1 - -7?
5
Calculate (-2 - -10 - 3) + -8.
-3
What is 2 - (3 + 6 - 14)?
7
What is 8 + -1 - 1 - 10?
-4
Calculate 4 - ((44 - 44) + (-1 - -10)).
-5
Evaluate 6 + 6 - (1 - -16).
-5
Evaluate (5 - (13 - 8)) + (4 - -2).
6
Evaluate 0 + 6 - (-10 - (-19 - -4)).
1
Calculate (-2 - (2 + 2)) + (24 - 17).
1
What is -1 + 1 + 1 + -4?
-3
2 + (-2 - -4) + (-5 - -1)
0
Evaluate -2 - ((4 - 8) + -2).
4
What is the value of -1 + 3 + -3 + -2?
-3
Calculate 1 + -2 - (3 - (6 + -1)).
1
Evaluate -11 - (-18 + (-5 - -16)).
-4
3 - (5 + -9) - (-3 + 6)
4
4 - (4 - 4 - -5) - -2
1
Evaluate 0 + 1 - (-7 - -10).
-2
What is 7 + (7 - 9) - 6?
-1
-4 - (-3 - -1) - 0
-2
What is the value of -10 + 14 - (11 + -4)?
-3
Evaluate -5 - (-10 - -7) - -4.
2
What is -2 - -7 - -1 - 2?
4
Calculate 2 + -1 + (5 - 3) + 0.
3
Calculate -6 + (16 - 7 - 3).
0
What is -1 + (-2 - (11 + -7))?
-7
What is the value of (-8 - (10 - 19)) + -7 + 1?
-5
What is the value of -6 + 4 + (-1 - (-2 + -6))?
5
What is 0 - 3 - -2 - -6?
5
Calculate 6 - (5 + -6) - 6 - 8.
-7
0 - (9 - (3 + 0))
-6
Evaluate -14 + 10 + (7 - -3 - 2).
4
(1 - -1) + 2 + 0 - 2
2
What is the value of (-1 - -1) + -6 - (-13 - -14)?
-7
What is 2 - (0 - 0 - (-2 - -2))?
2
What is 1 + -3 - 2 - -1 - -2?
-1
Calculate 3 - 5 - (-6 - (1 + 3)).
8
Evaluate 3 - (-2 + 1 - -3).
1
What is 11 + -7 - (-1 - 4 - -3)?
6
What is the value of 3 + (-2 - 3) + 7 + -7?
-2
3 + (5 - 15 - (-2 + -3))
-2
Calculate (-16 - -13) + -6 + 4.
-5
What is -6 + 18 + -5 + -7?
0
Evaluate -6 - (9 + -23 + 8).
0
What is the value of 8 + 0 + -22 - -6?
-8
6 + (2 - (-6 + 11))
3
0 + 2 + 1 + -4
-1
-3 - (-3 - -4) - -8
4
(4 - (-9 - -8)) + -11
-6
What is 1 - 1 - (-7 + 10 + -2)?
-1
Evaluate 6 + -1 + -1 - 7.
-3
What is -10 + 11 - (0 + -1 - 4)?
6
Calculate 4 - (-1 + 3 + 1).
1
-4 + 3 - 4 - (-7 + 4)
-2
-6 + 3 - (-4 - (9 + -8))
2
Calculate 8 + -7 + -7 + 2 + 12.
8
Evaluate 2 + (-15 - 2) - (-3 + -5).
-7
Evaluate (0 - -4) + 0 + 3 + -3.
4
Calculate (4 - (10 + 0)) + 2.
-4
What is -5 + (-9 - -1) + 6?
-7
What is (-4 + 11 - 4) + 2 + -8?
-3
1 + -4 - -3 - -1 - 1
0
Evaluate -12 - -10 - (-10 + 1 - -2).
5
Calculate 2 + -6 + (1 - (-5 - -8)).
-6
What is the value of (3 - 6) + 45 + -48?
-6
Calculate (-5 - (0 - 0)) + (-2 - -3).
-4
2 + (1 - -2) + -7
-2
(-6 + -5 - 0) + 7
-4
What is 0 + 10 + (-8 - 10)?
-8
Calculate -3 - (3 + 1 + -2 - 5).
0
-3 - (-7 - -8) - (-1 - 12)
9
2 + 0 + -3 + 6 - 0
5
Calculate 0 + -1 + 3 - 4 - 2.
-4
(-2 - -5) + (-4 - -1) + 4
4
What is -8 + 3 + (7 - 9) + 2?
-5
What is -4 + -5 + 2 + 1?
-6
3 - (2 - (-7 + 5))
-1
-23 - -21 - (1 - 11)
8
Evaluate (3 - -1) + 1 - (8 + -7).
4
What is (5 + -1 - -5) + -6?
3
Calculate 7 + (-13 - (6 - 11)).
-1
3 - (6 + (3 - 3 - 2))
-1
(1 - (3 - -1)) + 1
-2
What is 3 - (7 + 1) - (2 - 4)?
-3
What is the value of 10 + (-1 - (-3 + 2)) + -3?
7
What is -5 + -1 - (0 + -2)?
-4
What is (-1 - -6) + 7 + (-18 - -9)?
3
-9 + 4 + -12 - -11
-6
What is -13 + 7 - -11 - -4?
9
What is the value of -4 + (2 - -1) + 5?
4
Calculate -4 - 0 - -8 - -1.
5
What is (-3 + 5 - 3) + 2?
1
Evaluate -1 - (3 + -2 - 2) - 7.
-7
-1 - (-1 + -9 + -4 + 10)
3
Calculate -4 - (-5 + 3 - (0 - 1)).
-3
-13 + (-4 - (8 + -20)) + 10
5
7 + 0 - (10 - (10 + -10))
-3
What is the value of (-28 + 18 - -2) + 3 + 1?
-4
Evaluate 22 + -25 + (5 - 1).
1
What is (35 - 18) + -15 + (1 - -6)?
9
-1 + -3 + 3 - (4 - 3)
-2
What is (-43 - -43) + (4 - 1)?
3
What is the value of (10 - 17) + 10 + 4?
7
Evaluate (-6 - 7) + -19 + 30.
-2
Evaluate 0 + 3 + -8 + 0 + 1.
-4
What is the value of -6 + 1 - (0 + -2)?
-3
What is the value of (-8 - -1) + 27 + -25 + 3?
-2
What is (-2 - 6) + 16 + -2?
6
Evaluate -2 - -8 - 9 - 1.
-4
What is the value of 6 + (-8 - -5) + -4?
-1
0 + (-4 - 2 - -2)
-4
What is 15 + 3 + -14 + -3?
1
-7 - (-9 - -5) - -2
-1
Calculate 1 - -2 - 8 - -5 - 4.
-4
(1 - 1) + 1 + 0
1
What is the value of (-3 - -4 - (-4 + 2)) + -3?
0
Calculate (1 - 1) + 11 + -6.
5
Evaluate -2 - (-1 + (1 + 2 - 1)).
-3
Evaluate -1 + -1 + (-118 - -120).
0
What is the value of -4 - -2 - -6 - (5 + 4)?
-5
What is -6 - (-7 - -4) - -2?
-1
What is the value of 1 + (-4 - 0) - -3 - 5?
-5
What is 0 + 7 - (29 - 27)?
5
Evaluate (4 - 20) + 8 - 0.
-8
What is -1 - -3 - (19 - 16)?
-1
Calculate -59 + 56 + (8 - -1).
6
What is 3 + -2 - (-2 + 2 + 4)?
-3
What is the value of -1 + 2 - 2 - (-6 + 3)?
2
1 + 1 - (-8 + 7)
3
What is 2 + 0 + 2 + -4 - 3?
-3
Calculate 9 - (-3 + -2 - -9).
5
Evaluate 3 + (2 - 4 - -1) + -2.
0
What is -2 + (3 - 3) + 2?
0
-3 - (-4 + 4 + 1)
-4
Calculate (7 - 4 - -1) + 1.
5
Calculate (9 - 15) + 4 + -1.
-3
What is 1 + 1 + -3 - -3?
2
What is the value of -7 + 12 - (1 - -5)?
-1
What is the value of (0 + -1 - (-10 + 7)) + 2?
4
Evaluate -9 + 2 + 19 - 6.
6
-3 - (4 + -5 - 0)
-2
Calculate 8 - (0 - (-4 + -3 - -1)).
2
Calculate -12 + (-6 - -6) + 17.
5
What is the value of -1 + 6 + -2 + (-3 - -3)?
3
What is the value of 1 - (0 - 4) - 2?
3
What is the value of -6 + -1 + (-7 - -14 - -7)?
7
-2 + 3 + 1 + 1
3
Calculate 1 - 0 - (1 - -5).
-5
Calculate (5 - (6 + -8)) + (0 - 5).
2
Calculate -6 + (-11 - -9) + 3.
-5
Evaluate (-14 - -15) + (-8 - -4).
-3
Calculate -12 + 13 + 4 + -1.
4
Calculate 2 - (7 + (1 - 4)).
-2
-12 - -13 - (-2 + 0)
3
What is -3 - (2 - 0 - 14)?
9
Calculate (-12 - (-3 - 7)) + -1.
-3
Cal